.
116
What is the remainder when 4210 is divided by 117?
115
Calculate the remainder when 64922 is divided by 12.
2
What is the remainder when 568557 is divided by 48?
45
Calculate the remainder when 109611 is divided by 812.
803
Calculate the remainder when 2788 is divided by 546.
58
What is the remainder when 1465 is divided by 477?
34
What is the remainder when 1137544 is divided by 205?
204
Calculate the remainder when 47586 is divided by 183.
6
What is the remainder when 6407 is divided by 44?
27
Calculate the remainder when 3087 is divided by 563.
272
Calculate the remainder when 1814 is divided by 494.
332
Calculate the remainder when 9695 is divided by 1452.
983
Calculate the remainder when 3636 is divided by 190.
26
What is the remainder when 8449 is divided by 25?
24
What is the remainder when 2135939 is divided by 970?
969
What is the remainder when 27858 is divided by 12?
6
What is the remainder when 4037 is divided by 57?
47
What is the remainder when 2424 is divided by 94?
74
Calculate the remainder when 142887 is divided by 3040.
7
What is the remainder when 60298 is divided by 15068?
26
What is the remainder when 379231 is divided by 102?
97
What is the remainder when 18351 is divided by 6027?
270
Calculate the remainder when 768150 is divided by 1707.
0
Calculate the remainder when 64613 is divided by 162.
137
Calculate the remainder when 31407 is divided by 77.
68
What is the remainder when 37602 is divided by 238?
236
What is the remainder when 77304 is divided by 25766?
6
What is the remainder when 64556 is divided by 742?
2
What is the remainder when 5770 is divided by 1437?
22
What is the remainder when 551610 is divided by 68950?
10
Calculate the remainder when 28436 is divided by 482.
480
What is the remainder when 42227 is divided by 1616?
211
Calculate the remainder when 34496 is divided by 515.
506
What is the remainder when 17970 is divided by 17877?
93
Calculate the remainder when 762820 is divided by 142.
138
Calculate the remainder when 10316 is divided by 746.
618
What is the remainder when 43277 is divided by 21637?
3
Calculate the remainder when 114357 is divided by 15.
12
What is the remainder when 27783 is divided by 106?
11
What is the remainder when 32268 is divided by 4?
0
What is the remainder when 75732 is divided by 495?
492
Calculate the remainder when 44653 is divided by 319.
312
Calculate the remainder when 6483 is divided by 1080.
3
Calculate the remainder when 39364 is divided by 3272.
100
What is the remainder when 163788 is divided by 5?
3
Calculate the remainder when 195 is divided by 140.
55
What is the remainder when 62519 is divided by 62503?
16
What is the remainder when 6495 is divided by 6407?
88
What is the remainder when 192808 is divided by 286?
44
What is the remainder when 648829 is divided by 806?
805
What is the remainder when 4667 is divided by 664?
19
What is the remainder when 1714 is divided by 14?
6
What is the remainder when 4387 is divided by 4365?
22
Calculate the remainder when 450797 is divided by 16.
13
What is the remainder when 4293 is divided by 181?
130
Calculate the remainder when 6802 is divided by 3395.
12
Calculate the remainder when 3530 is divided by 1273.
984
What is the remainder when 956351 is divided by 10626?
11
Calculate the remainder when 2469 is divided by 235.
119
Calculate the remainder when 12483 is divided by 77.
9
What is the remainder when 390079 is divided by 115?
114
Calculate the remainder when 5638 is divided by 60.
58
Calculate the remainder when 52001 is divided by 930.
851
What is the remainder when 535859 is divided by 780?
779
Calculate the remainder when 36252 is divided by 3021.
0
What is the remainder when 203447 is divided by 588?
587
Calculate the remainder when 728942 is divided by 295.
292
Calculate the remainder when 641684 is divided by 623.
617
Calculate the remainder when 6526 is divided by 45.
1
What is the remainder when 101396 is divided by 24?
20
Calculate the remainder when 384044 is divided by 48.
44
What is the remainder when 2075 is divided by 337?
53
What is the remainder when 956194 is divided by 9?
7
Calculate the remainder when 11992 is divided by 610.
402
What is the remainder when 2153877 is divided by 2?
1
Calculate the remainder when 758 is divided by 283.
192
What is the remainder when 231461 is divided by 167?
166
What is the remainder when 776 is divided by 379?
18
Calculate the remainder when 42845 is divided by 103.
100
What is the remainder when 642635 is divided by 429?
422
What is the remainder when 41251 is divided by 17?
9
Calculate the remainder when 1626407 is divided by 168.
167
Calculate the remainder when 48730 is divided by 6960.
10
Calculate the remainder when 11178 is divided by 1854.
54
What is the remainder when 333056 is divided by 6?
2
What is the remainder when 68893 is divided by 3620?
113
Calculate the remainder when 13807 is divided by 2761.
2
What is the remainder when 523396 is divided by 232?
4
What is the remainder when 257890 is divided by 2773?
1
What is the remainder when 53353 is divided by 19?
1
Calculate the remainder when 24007 is divided by 159.
157
What is the remainder when 13907 is divided by 1313?
777
What is the remainder when 1468492 is divided by 257?
251
What is the remainder when 8002 is divided by 372?
190
Calculate the remainder when 3198 is divided by 787.
50
Calculate the remainder when 126596 is divided by 12656.
36
What is the remainder when 108222 is divided by 7?
2
What is the remainder when 154844 is divided by 30967?
9
Calculate the remainder when 10049 is divided by 44.
17
Calculate the remainder when 2424 is divided by 740.
204
Calculate the remainder when 4923 is divided by 802.
111
Calculate the remainder when 40654 is divided by 215.
19
Calculate the remainder when 8132463 is divided by 356.
355
What is the remainder when 49542 is divided by 13?
12
Calculate the remainder when 32811 is divided by 456.
435
Calculate the remainder when 137314 is divided by 29.
28
What is the remainder when 141463 is divided by 587?
583
What is the remainder when 452089 is divided by 408?
25
What is the remainder when 304450 is divided by 462?
454
What is the remainder when 201 is divided by 23?
17
What is the remainder when 17724 is divided by 5886?
66
What is the remainder when 8286 is divided by 761?
676
Calculate the remainder when 1615 is divided by 152.
95
What is the remainder when 251921 is divided by 66?
65
Calculate the remainder when 72134 is divided by 948.
86
What is the remainder when 47964 is divided by 888?
12
Calculate the remainder when 2017 is divided by 775.
467
Calculate the remainder when 36937 is divided by 3679.
147
What is the remainder when 367326 is divided by 16?
14
Calculate the remainder when 9267 is divided by 1984.
1331
What is the remainder when 482978 is divided by 30?
8
Calculate the remainder when 3025 is divided by 450.
325
Calculate the remainder when 345753 is divided by 13830.
3
What is the remainder when 37176 is divided by 978?
12
Calculate the remainder when 613259 is divided by 60.
59
Calculate the remainder when 1118 is divided by 222.
8
Calculate the remainder when 9769 is divided by 139.
39
What is the remainder when 215915 is divided by 23?
14
What is the remainder when 271132 is divided by 74?
70
Calculate the remainder when 18495 is divided by 1076.
203
Calculate the remainder when 106541 is divided by 31.
25
What is the remainder when 27320 is divided by 26?
20
Calculate the remainder when 4284 is divided by 62.
6
What is the remainder when 3369 is divided by 733?
437
What is the remainder when 52918 is divided by 6?
4
What is the remainder when 3805 is divided by 533?
74
Calculate the remainder when 50919 is divided by 152.
151
Calculate the remainder when 9968 is divided by 55.
13
What is the remainder when 17276 is divided by 199?
162
What is the remainder when 823 is divided by 312?
199
What is the remainder when 28921 is divided by 28792?
129
What is the remainder when 3333 is divided by 1568?
197
Calculate the remainder when 5243 is divided by 61.
58
Calculate the remainder when 73 is divided by 12.
1
Calculate the remainder when 49649 is divided by 7.
5
Calculate the remainder when 128508 is divided by 64239.